at is the units digit of m(-3)?
2
Let d(f) be the first derivative of -f**3/3 - 10*f**2 - 12*f - 59. Let s be (-43)/3 - (-2)/(-3). What is the tens digit of d(s)?
6
What is the units digit of 66/(5 + (-42)/9)?
8
Let v = -8 + 82. Let x = v - 9. What is the tens digit of x?
6
Let n(z) = -2136*z**3 + 2*z**2 + 4*z + 1. What is the units digit of n(-1)?
5
Let c(x) = 3*x**3 - 14*x**2 - 12*x - 3. Let k(u) = -u**3 + u**2. Let s(z) = c(z) + 2*k(z). What is the tens digit of s(13)?
1
Suppose 357 = -9*w + 12*w. Suppose w = -5*j + 324. What is the tens digit of j?
4
What is the units digit of 86 + (-49)/((-21)/3)?
3
Let s(q) = 4*q**2 + 2*q - 40. Let x be (80/(-12))/((-2)/(-3)). What is the hundreds digit of s(x)?
3
Let h be (-6)/16*2 + (-209)/(-44). What is the tens digit of (h - (-38)/(-5))*-10?
3
Let z(q) = -11*q**3 + 2*q**2 + 7*q + 6. Let t be z(-3). Let g = t - 178. What is the units digit of g?
2
Suppose 0 = -171*h + 156*h + 22080. What is the hundreds digit of h?
4
Let k(i) = 34*i**2 - 2*i. Suppose 4 = -5*u - 1. Let w be k(u). What is the units digit of ((-189)/w)/(3/(-8))?
4
What is the units digit of (-6 - -571)*16/40?
6
Suppose -5*k + 5620 = -46*f + 51*f, 3*f = -9. What is the thousands digit of k?
1
Let t(h) = 2*h + 3. Let v be 3*(-2 + 40/12). Suppose 0 = -z + 4*b - 2, 0*b = 2*b - v. What is the units digit of t(z)?
5
What is the tens digit of 136/34 - 2/((-4)/42)?
2
Suppose -8630 = -14*p + 9*p. What is the hundreds digit of p?
7
Let i be (-632)/(-52) + 0 - (-4)/(-26). Suppose -4 = -n, 0 = b + 2*n - 10 - 4. What is the units digit of i/72 - (-11)/b?
2
Suppose -5*c + t = -6*c + 224, 4*c + t - 887 = 0. What is the hundreds digit of c?
2
Let h be (-1 - -1)/(-8 + 7). Suppose h = 3*n + n + 4. What is the units digit of n + 7 - (3 + -3)?
6
Let d(g) = -g**3 + 6*g**2 + 7*g - 9. Let v be d(7). What is the units digit of (-3)/v + (-34)/(-6)?
6
Let l(g) = 7*g - 3 - 10*g - 3. What is the tens digit of l(-15)?
3
Let p be 33/6*(2 + -4 + 84). Let j = p - 282. What is the tens digit of j?
6
Suppose 2*z = -4*v + 4196 + 5362, 0 = -2*z + 4*v + 9518. What is the units digit of z?
9
Let a(z) = -z**2 - 2*z + 99. Let f be (3 + -3)*1/2. What is the units digit of a(f)?
9
What is the tens digit of 6 + 52/(-4)*-20?
6
Let y(x) = -x**3. Let w be y(0). Suppose w = 4*t - 61 + 25. What is the units digit of 3/(t/21) + 0?
7
Suppose 4*s + 5*h = 25, 2*s - 3*h = -15 - 0. Suppose 2*r = r - 5, s = 2*j + 4*r + 48. Let y = 3 - j. What is the tens digit of y?
1
What is the units digit of ((-174)/24 - -4)/(6/(-360))?
5
Let t = -9 + -1. Let j be ((-72)/t)/2*10. Suppose -3*n + n + j = 0. What is the tens digit of n?
1
Let s = -3 - 12. Let a = -52 + s. Let u = a + 120. What is the tens digit of u?
5
Suppose z + 25 = 4*g, -g + 15 = 3*g + z. Suppose -g*a + 20 = -a. Suppose a*x - 12 = 73. What is the units digit of x?
7
Suppose -3*y = t - y - 14, 11 = t + y. Let z(u) = -8*u**2 - u**3 - 156 - t*u + 166 + 0*u**3. What is the units digit of z(-8)?
4
Let k(l) = 11*l + 692. What is the units digit of k(0)?
2
Let r(m) = -10*m + 6*m**3 - 5*m**3 - 13 - 16*m**2 + 2*m**2 + 0*m**2. What is the tens digit of r(15)?
6
What is the units digit of 4 - (-11 + -2813) - 6?
2
Suppose 4*m + 0*m = -3*i + 6205, 0 = 4*i - 3*m - 8290. What is the hundreds digit of i?
0
Suppose -2*x + 65 + 1185 = 0. What is the tens digit of x?
2
Suppose 8*l + 26 = 7*l. Let j = l - -42. What is the units digit of j?
6
Let n be 0 + (138/6 - -2). Suppose 5*g = 3*g + 42. Suppose n*o = g*o + 32. What is the units digit of o?
8
Let q = -962 - -1609. What is the units digit of q?
7
Let b(v) = 2*v**2 - 3. Let s be b(2). Suppose -3*f + 323 = -s*z, 3*f + z = 2*f + 105. What is the tens digit of f?
0
Suppose -51*y + 27284 = 6884. What is the hundreds digit of y?
4
Let s = -1369 + 2735. What is the hundreds digit of s?
3
Suppose -5*q = -25, 4*s - 3304 - 2075 = -3*q. What is the hundreds digit of s?
3
Let o = 104 + -100. Suppose -2*j + 125 = 5*a, -j - o*a + 3*a + 58 = 0. What is the tens digit of j?
5
Let m(k) = -2*k + 25. Suppose 4*y + 16 = 0, h + 84 = -3*h - 5*y. Let a(n) = -n**3 - 17*n**2 - 17*n - 16. Let v be a(h). What is the units digit of m(v)?
5
Let r = 48 - 27. Suppose -163 - r = -2*m. Suppose x = -3*x - 2*t + m, x - 5*t = 34. What is the tens digit of x?
2
Let v = -9339 - -14540. What is the units digit of v?
1
Let m = 22 - -16. Let t = m + -27. What is the units digit of t?
1
Let q(i) = -129*i**3 + i**2 + 2*i. Let u be q(-1). What is the units digit of (-44)/(-110) - u/(-5)?
6
Suppose -4*b - 204 + 19 = 5*d, -b + 74 = -2*d. Let h = d + 180. What is the units digit of h?
3
Suppose -q - c = -133, -4*q - 5*c + 393 = -q. What is the units digit of q?
6
Let d(r) = r**3 - 20*r**2 + 11*r + 8. Let m be (-2)/(-2)*1*(-6 - -26). What is the tens digit of d(m)?
2
Suppose -447*d + 451*d - 2652 = 0. What is the units digit of d?
3
Let h(k) = 81*k**2 + 2*k + 2. Suppose -5*t - 4*m = -7*t - 22, 4*t - 5*m = -29. What is the tens digit of h(t)?
8
Let a = 63 + -56. Suppose 0*k + k - a = 0. What is the units digit of k?
7
Let a(z) = 2*z**3 - z**2 + 9*z - 88. What is the thousands digit of a(9)?
1
Suppose 0*f = 4*f - 56. Suppose y - f - 3 = 0. What is the tens digit of y?
1
Suppose 0 = -b + 3286 - 294. What is the thousands digit of b?
2
Let o(i) be the third derivative of 11*i**6/360 + i**5/30 - 7*i**4/24 + 4*i**2. Let n(h) be the second derivative of o(h). What is the tens digit of n(2)?
4
Let r(y) = -y**2 - y. Let x(w) = -w**2 - 2*w - 1. Let n(g) = -5*r(g) + 4*x(g). What is the units digit of n(-5)?
6
Suppose -2*m = 19 - 173. Suppose 0 = -2*o + 4*o - 144. Suppose -2*r - m = -3*c - 2*c, -5*c - 3*r = -o. What is the units digit of c?
5
Suppose 2 + 7 = p. Let m = -6 + p. Suppose v - 4*x - 6 = -0*x, -2*x = -m*v + 38. What is the tens digit of v?
1
Let r(y) = -4*y - 8*y - 4 + 9. What is the tens digit of r(-6)?
7
Let x = -61 + 35. Let h = x + 29. What is the units digit of h?
3
Let m be 8/(-28) + 3895/35. Suppose 5*k + m = c + 38, 0 = 3*k + 6. What is the units digit of c?
3
Let w(q) = 6*q + 3. Let b(v) = 7*v + 2. Let g(x) = 5*b(x) - 6*w(x). Let c be g(-9). What is the units digit of -3 - 24/(0 - c)?
1
Suppose -g - 1 = 0, -43*m + 39*m - 5*g = -8663. What is the tens digit of m?
6
Suppose -21*i + 26*i + 525 = 0. Let a = i - -186. What is the tens digit of a?
8
Suppose 3*u = y + 4 - 2, -4*u = 5*y - 28. Let k be ((-6)/y)/(24/32). What is the units digit of (14 + -2)*(-1)/k?
6
Let k(x) = -10*x + 1. Let d(w) = w - 1. Let b be d(1). Suppose -5*u - 5*z - 30 = 0, -2*u + 2*z = -b*z + 4. What is the units digit of k(u)?
1
Let h(q) = -q + 8. Let v(d) = -3*d**2 - 13*d + 6. Let u be v(-6). Let f = u - -16. What is the tens digit of h(f)?
1
Suppose 5*n - 19 = 101. Let h = -22 + n. Suppose 70 = h*v - f - 23, -45 = -v - f. What is the units digit of v?
6
Suppose 0 = 2*f - l - 1626, 5*f - 4079 = -0*l - l. What is the hundreds digit of f?
8
Let x(f) = 39*f + 180. What is the hundreds digit of x(0)?
1
Let x(g) = -g**2 + g. Let i be x(1). Let z(m) = -m + 5. Let l be z(i). What is the tens digit of 3*((-110)/(-6))/l?
1
What is the units digit of -1 + (-1208)/12*-3 - 0?
1
Let i(t) = t**2 + 5*t - 2. Let u be i(-6). Suppose 2*g - 381 = -5*s + g, 401 = 5*s - u*g. What is the units digit of s?
7
Let g be 2 + 15/(-9) + (-230)/(-30). What is the tens digit of (g/(-20) - 0) + (-2334)/(-10)?
3
Let c = -8 - -8. Suppose q = -2*u + 32, -4*u + 3*q + q + 88 = c. Let b = 46 + u. What is the units digit of b?
4
Suppose -3*c = -27 + 3. Let x be (-19)/(-5) + c/(-10). Suppose -x*u = -u - 42. What is the tens digit of u?
2
Suppose -6*v - 1440 = -11*v. Suppose -4*n + v = -24. What is the units digit of n?
8
Let j(r) = -50*r + 314. What is the hundreds digit of j(3)?
1
Let d(b) = b**3 + 6*b**2 + 1. Let v be d(-6). Let c = v - -3. What is the units digit of c?
4
Let w(a) = 76*a - 8. Let h be w(4). Let y = -204 + h. What is the tens digit of y?
9
Let h(q) = -q**3 + 48*q**2 - 66*q - 4. What is the units digit of h(46)?
2
Let a = 2260 - 802. What is the thousands digit of a?
1
Let b(m) = 6*m**3 - 4*m**2 + 2*m - 12. What is the units digit of b(6)?
2
Suppose -4770 = -3*n + 3*y, y - 3189 = -19*n + 17*n. What is the units digit of n?
3
Let y(s) = -104*s**3 - 7*s**2 - 12*s - 4. What is the units digit of